= s**3 - 5*s**2 - 26*s - 8. Give p(8).
-24
Let l(w) = 2*w**3 + 40*w**2 + 171*w - 144. What is l(-8)?
24
Let k(z) = -8*z**2 - 333*z - 1207. Give k(-4).
-3
Let h(p) = -p**2 - 36*p + 2. Give h(-2).
70
Let y(u) = -81*u - 5164. Determine y(-64).
20
Let s(b) = -49*b - 3483. Determine s(-71).
-4
Let o(a) = a**3 + 5*a**2 + a + 25. What is o(-6)?
-17
Let y(a) = 1755*a - 19322. Determine y(11).
-17
Let l(o) = -161*o - 871. Calculate l(-5).
-66
Let j(s) = s**3 + 43*s**2 - 12. Give j(-43).
-12
Let o(t) = -t**3 - 81*t**2 - 233*t + 56. Calculate o(-78).
-22
Let h(o) = o**2 + 121*o - 6442. Give h(40).
-2
Let a(h) = -h**3 + 11*h**2 + 134*h - 1512. What is a(12)?
-48
Let k(h) = h**3 - 5*h**2 - 59*h + 46. Determine k(10).
-44
Let m(q) = 248*q**2 - 9176*q - 9. What is m(37)?
-9
Let c(p) = p**3 + 13*p**2 + 34*p. Calculate c(-8).
48
Let q(s) = s**3 - 53*s**2 - 42*s - 163. What is q(54)?
485
Let o(f) = 1799*f - 25183. What is o(14)?
3
Let m(f) = -2*f**3 - 168*f**2 + 340*f - 343. Give m(-86).
1
Let k(a) = 4*a**2 - 151*a - 1255. Calculate k(-8).
209
Let x(a) = -a**3 - a**2 + 3*a - 38. Determine x(-4).
-2
Let w(m) = -108*m + 222. What is w(2)?
6
Let v(l) = l**2 + 190*l - 1152. What is v(6)?
24
Let c(o) = 339*o - 22379. What is c(66)?
-5
Let v(m) = 5*m**2 - 30*m + 108. Calculate v(5).
83
Let t(v) = 1030*v + 6185. What is t(-6)?
5
Let t(d) = -3*d**3 + 15*d**2 + 4*d + 4. What is t(7)?
-262
Let x(h) = -13*h + 141. Give x(16).
-67
Let m(u) = -u**3 + 112*u**2 + 1349*u - 5. What is m(-11)?
39
Let f(i) = -61*i + 230. Give f(4).
-14
Let g(b) = 75*b + 104. Give g(1).
179
Let b(j) = 2*j**2 + 83*j - 970. Determine b(-51).
-1
Let b(o) = o**2 - 11*o + 40. Give b(11).
40
Let d(x) = -5*x**3 - 32*x**2 + 124*x + 82. Calculate d(-9).
19
Let b(p) = -65*p - 237. Give b(-6).
153
Let t(n) = 299*n - 57711. Determine t(193).
-4
Let j(h) = -h**3 - h**2 - 6*h - 10. Give j(-4).
62
Let d(p) = p**3 + 68*p**2 - 139*p + 105. Give d(-70).
35
Let j(h) = -h**3 - 6*h**2 + 109*h - 35. What is j(-14)?
7
Let f(w) = -68*w**2 + 1503*w - 48. Determine f(22).
106
Let a(o) = -o**2 + 23*o - 10. Determine a(26).
-88
Let a(c) = 37*c - 1056. What is a(27)?
-57
Let w(t) = t**2 + 139*t - 864. Determine w(6).
6
Let t(q) = 400*q + 798. What is t(-2)?
-2
Let s(z) = 2*z**3 + 120*z**2 - 132*z - 449. What is s(-61)?
161
Let g(l) = 5*l**2 - 46*l - 213. Give g(-4).
51
Let k(s) = 2*s**2 + 276*s + 1060. Calculate k(-134).
-12
Let s(m) = -41*m - 15. What is s(4)?
-179
Let m(v) = 508*v + 4070. Give m(-8).
6
Let l(f) = f**3 + 64*f**2 - 63*f + 50. Determine l(-65).
-80
Let k(z) = 30*z**2 - 3*z - 3. Give k(-3).
276
Let w(q) = -q**3 - 22*q**2 + 2186*q + 172. Determine w(-59).
-5
Let h(r) = r**2 - 63*r + 996. What is h(32)?
4
Let a(t) = -6125*t - 6121. Determine a(-1).
4
Let u(x) = -6*x**2 + 23*x - 278. Determine u(11).
-751
Let j(k) = 141*k**2 - 4937*k + 77. Calculate j(35).
7
Let x(w) = 6*w**2 + 37*w - 273. What is x(7)?
280
Let g(o) = o**2 + 141*o - 2168. Determine g(-155).
2
Let b(h) = 2*h**2 + h - 25. Determine b(-4).
3
Let t(u) = -2*u**3 + 90*u**2 - 87*u + 92. Give t(44).
136
Let k(q) = 12*q**2 - 95*q - 20. Calculate k(8).
-12
Let z(c) = -3*c**2 - 11*c - 23. Calculate z(-4).
-27
Let v(m) = m**2 + 42*m + 457. Calculate v(-21).
16
Let m(l) = -2*l - 13. Determine m(-12).
11
Let b(l) = 4*l**2 + 103*l - 149. Give b(-26).
-123
Let t(h) = h**3 + 18*h**2 + 14*h + 26. What is t(0)?
26
Let h(g) = -878*g - 7907. What is h(-9)?
-5
Let h(n) = n**2 - 36*n - 96. Give h(34).
-164
Let n(f) = -f**3 - 221*f**2 + 413*f - 7360. What is n(-223)?
-1
Let h(q) = -7*q - 555. Calculate h(-76).
-23
Let p(d) = 2889*d - 17348. Give p(6).
-14
Let c(a) = -10*a**2 + 135*a - 160. Calculate c(12).
20
Let w(s) = -s**3 - 37*s**2 - 128*s + 106. What is w(-33)?
-26
Let z(v) = 29*v - 950. Calculate z(32).
-22
Let d(t) = -t**2 - 24*t + 210. Give d(-30).
30
Let w(n) = -9*n**3 - 4*n**2 + 24*n - 5. Determine w(-3).
130
Let d(a) = -21*a - 222. Give d(-10).
-12
Let w(n) = -4*n**3 - 696*n**2 - n - 180. Give w(-174).
-6
Let i(s) = s**2 + 2*s - 61. Calculate i(-6).
-37
Let x(f) = -88*f + 3191. What is x(36)?
23
Let s(m) = -m**2 + 159*m - 6057. Calculate s(96).
-9
Let h(k) = -3*k**2 - 3*k. Determine h(3).
-36
Let u(h) = -h**3 + 6*h + 26. Calculate u(4).
-14
Let o(b) = 4*b**2 + 35*b - 349. Determine o(6).
5
Let t(v) = -v**3 + v**2 + 28*v - 8. Determine t(0).
-8
Let b(m) = 267*m + 263. What is b(-1)?
-4
Let l(u) = 2*u**2 + 205*u + 1988. Give l(-11).
-25
Let z(r) = -23*r + 178. Give z(-5).
293
Let z(v) = 873*v + 3503. Calculate z(-4).
11
Let q(w) = -2*w + 28. What is q(-25)?
78
Let j(o) = -2*o**3 - 18*o - 46. Give j(6).
-586
Let y(f) = -14*f**2 + 14*f. Determine y(-4).
-280
Let y(m) = -70*m - 6570. Give y(-95).
80
Let f(v) = -5*v**3 + 1043*v**2 - 636*v + 2499. Give f(208).
3
Let y(n) = -n**2 + 2*n + 96. Determine y(-8).
16
Let n(d) = 3*d**2 + 233*d - 1211. Give n(5).
29
Let w(o) = -12*o + 868. Determine w(98).
-308
Let r(k) = -3*k**2 + 190*k - 422. Determine r(61).
5
Let c(t) = -t**3 + 26*t**2 + 24*t - 16. Give c(27).
-97
Let y(f) = 2*f - 267. Determine y(39).
-189
Let u(t) = t + 170. Give u(5).
175
Let o(g) = -12*g**2 + 100*g - 105. Calculate o(7).
7
Let r(j) = -j**3 + 70*j**2 + 71*j - 115. Determine r(71).
-115
Let b(o) = -o**3 - 10*o**2 + 2*o + 7. What is b(-9)?
-92
Let a(f) = -32*f**3 + 10*f**2 + 7*f - 4. Determine a(-1).
31
Let k(q) = -75*q - 766. Calculate k(-11).
59
Let t(b) = b**3 + 11*b**2 - 10*b + 13. What is t(-12)?
-11
Let z(q) = q**3 - 6*q**2 - 20*q + 44. Determine z(8).
12
Let g(n) = 25*n**2 + 56*n. Calculate g(-6).
564
Let u(x) = -4*x**3 - 6*x**2 - 14*x - 2. Determine u(0).
-2
Let l(k) = 40*k + 233. Calculate l(-5).
33
Let q(h) = -117*h + 4908. Calculate q(42).
-6
Let h(s) = -s**3 + 7*s**2 - 34*s + 74. Determine h(3).
8
Let g(z) = z**3 + 12*z**2 + 909*z + 8885. Calculate g(-10).
-5
Let b(o) = -25*o**2 + 9*o - 7. What is b(0)?
-7
Let v(p) = 17*p - 105. Determine v(-15).
-360
Let q(s) = -30*s + 29. Determine q(2).
-31
Let i(z) = 2*z**2 + 42*z + 97. Calculate i(-19).
21
Let j(b) = -b**3 + 15*b**2 - 37*b - 39. Calculate j(0).
-39
Let p(w) = 2*w**3 - 22*w**2 + 44*w - 477. Determine p(11).
7
Let u(i) = 101*i + 161. Calculate u(-2).
-41
Let u(s) = s**3 - 91*s**2 - 179*s - 644. Calculate u(93).
7
Let u(k) = k**2 - 37*k + 91. Give u(37).
91
Let i(x) = x**3 - 198*x**2 - 4365*x - 78. What is i(-20)?
22
Let a(r) = -235*r - 2824. Give a(-12).
-4
Let g(u) = u**3 + 12*u**2 - 45*u - 614. Give g(-12).
-74
Let d(o) = -18*o**2 - 157*o + 485. Give d(3).
-148
Let j(t) = -21*t**2 + 98*t - 12. Calculate j(4).
44
Let g(k) = -k**3 + 14*k**2 - 33*k + 2. What is g(11)?
2
Let d(i) = -i**3 + 88*i**2 - 491*i - 167. Calculate d(82).
-85
Let h(x) = -2*x**3 - 67*x**2 + 36*x + 73. Determine h(-34).
5
Let f(c) = c**2 + 105*c - 746. What is f(7)?
38
Let g(u) = -80*u - 4008. Give g(-50).
-8
Let p(z) = -60*z**2 + 412*z + 544. Determine p(8).
0
Let m(t) = -t**2 - 94*t + 1499. Calculate m(-108).
-13
Let i(d) = d**3 + 443*d**2 + 11617*d - 1240. Give i(-415).
5
Let p(f) = 240*f - 11276. Calculate p(47).
4
Let n(p) = -p**2 - 9*p + 20. Give n(-17).
-116
Let y(w) = w**2 + 42*w - 3332. Calculate y(-82).
-52
Let f(p) = -2*p**3 - 126*p**2 - 3*p - 192. What is f(-63)?
-3
Let y(b) = b**3 - 4*b**2 - 21*b + 5. Give y(-3).
5
Let j(w) = -44*w - 604. Calculate j(-9).
-208
Let m(d) = -3*d**2 + 43*d - 1. What is m(13)?
51
Let k(c) = c**2 - 61*c - 303. Determine k(66).
27
Let x(q) = -4*q**2 - 50*q - 11. Determine x(-12).
13
Let a(b) = 119*b - 3323. Calculate a(28).
9
Let m(w) = -w**3 - 45*w**2 + 5. What is m(-45)?
5
Let d(i) = -i**3 - 49*i**2 + 2265*i - 82. Give d(29).
5
Let g(m) = 24*m + 291. What is g(-14)?
-45
Let n(f) = -241*f - 3341. What is n(-14)?
33
Let h(j) = j**3 - 14*j**2 + 37*j - 171. Give h(12).
-15
Let u(d) = -d**3 - 18*d**2 + 15*d + 7. What is u(-19)?
83
Let r(f) = f**2 + 500*f + 1979. Give r(-4).
-5
Let j(v) = -v**2 + 138*v - 780. What is j(6)?
12
Let z(y) = y**2 - 1154*y - 3468. Give z(-3).
3
Let p(w) = -739*w - 98277. Calculate p(-133).
10
Let p(f) = -f**3 + 16*f**2 - 5*f - 89. Give p(16).
-169
Let i(l) = -47*l - 888. Calculate i(-32).
616
Let b(p) = -7*p**2 - 227*p - 1607. Calculate b(-22).
-1
Let y(n) = n**3 + 8*n**2 - 44*n - 373. Calculate y(-7).
-16
Let f(g) = -2*g**3 - 10*g**2 - 9*g - 7. Calcul